ime factors of y.
271
Let a be (-1209)/91 + 13 + (-110)/7. List the prime factors of (-202)/(-6) - a/168*-7.
3, 11
Suppose 84*y + 329928 + 2686284 = 122*y. List the prime factors of y.
2, 3, 13229
List the prime factors of ((-4)/20 - 216648/(-40)) + 2.
2, 3, 7, 43
Let u = 33990 - 19907. What are the prime factors of u?
14083
Suppose -r = 3*l + 2186, -8*r - 2*l - 8724 = -4*r. List the prime factors of (7/(-2))/(-3 - r/728).
7, 13
Let s(w) = 2*w**2 + 105*w - 98. Let r be s(-32). Let l = -291 - r. What are the prime factors of l?
3, 373
Let y(v) = 32*v - 13*v + 6*v + 8*v + 19*v - 169. What are the prime factors of y(14)?
13, 43
Suppose -3*t + 10 = -2*r - 18, 3*t + 7 = -5*r. What are the prime factors of (-24)/t + (-4 - -1 - -923)?
2, 229
Suppose -3236*m + 3273*m - 3328335 = 0. What are the prime factors of m?
3, 5, 1999
Suppose 11*w + 331 - 23 = 0. Let b(s) = s**3 + 31*s**2 + 76*s + 66. List the prime factors of b(w).
2, 5, 29
Let j(i) = -3*i - 15. Let q be j(-5). Suppose -n = -q*n + 1. What are the prime factors of (-62 + (2 - (2 - 2)))/n?
2, 3, 5
Let w = 55802 + -15694. List the prime factors of w.
2, 37, 271
Suppose 5*l - 83 + 13 = 0. Let t(b) = -b**2 + 10*b + 10. Let a be t(l). What are the prime factors of 3*(-4)/24*a?
23
Suppose -2*c - 5922 = -5*c. Let i = c + -678. Suppose 9*t - i = -3*t. List the prime factors of t.
2, 3
Let g(a) = -a**3 - 6*a**2 + 4*a - 75. Suppose 3*i + 48 = -5*o, -2*i = -3*i + o - 8. What are the prime factors of g(i)?
2, 3
Let b = 16189 + -8280. What are the prime factors of b?
11, 719
Suppose -6*n - 11960 = -28161 - 68081. List the prime factors of n.
11, 1277
Let h = 16 - 8. Suppose 3*z + 8 - 44 = 0. Suppose 0 = z*d - h*d - 368. What are the prime factors of d?
2, 23
Suppose -2*i + 9*i - 26754 = 0. What are the prime factors of (i/(-8) + -3)/((-9)/24)?
2, 641
Let c(g) = g**3 + 10*g**2 - 2*g + 13. Let b be c(-9). Suppose l = 138 + b. Suppose -50 = 2*d - l. List the prime factors of d.
2, 5
List the prime factors of (13008 - 9) + (-13 - (10 - 17)).
3, 61, 71
Suppose 5*o - 20 = 0, -3*v + 231 + 247 = 4*o. Let g = 2356 - 2354. Suppose -g*c + 4*f + v = 0, 0 = c - 3*f - 85 + 6. What are the prime factors of c?
73
Suppose -176*i + 4719985 = -5823471. List the prime factors of i.
2, 7, 11, 389
Suppose -14*j + 56 = 14. Suppose -j*p = 3*p - 540. Let r = p - -53. What are the prime factors of r?
11, 13
Suppose 46*w - 2040 = 42*w. Suppose -2*j = -4*d + 406, -3*j = -5*d - j + w. Suppose -13*m + 806 - d = 0. List the prime factors of m.
2, 3
Suppose -z - 2*z - 3*u = -27, 5*z + 2*u - 39 = 0. Let b be 2/z + -5 + 270/35. Suppose j - 206 = -d, 2*d + b*j - 107 - 306 = 0. List the prime factors of d.
5, 41
Suppose -3*z + 3*t - 4544 = -7*z, 5*z - 5*t = 5680. Suppose -z*s = -1135*s - 1287. List the prime factors of s.
3, 11, 13
Suppose 111*c - 2736027 = 48*c. List the prime factors of c.
137, 317
Suppose 6*a + 258 = 288. Suppose -a*u = -8*o + 4*o + 4981, -o + 1249 = -5*u. What are the prime factors of o?
2, 311
Let i(l) = -14*l**3 - 19*l**2 - 13*l + 161. What are the prime factors of i(-12)?
21773
Let v = -7017 - -11848. What are the prime factors of v?
4831
Suppose 8*v + 429 = 509. Suppose 4*c = 15 + 1. Suppose 0 = -v*t + c*t + 114. What are the prime factors of t?
19
Let f(d) = -18*d + 5. Let i = -143 + 117. List the prime factors of f(i).
11, 43
Let h(q) = 3*q**2 - 127*q - 752. List the prime factors of h(63).
2, 19, 83
Let j(z) = 30 + 17*z - 27*z + 4*z. Let b be j(4). Suppose -1218 = -b*n - 258. List the prime factors of n.
2, 5
Let g(k) = 995*k**2 - 14*k - 23. What are the prime factors of g(-1)?
2, 17, 29
Suppose z + 4*q - 132 = -25, 4*z - 415 = -3*q. Suppose 0 = -2*p + c - z + 819, -4*p - 4*c + 1444 = 0. What are the prime factors of p?
359
Suppose 2*r - 18*r = -48. Suppose 0 = z - v - 455, r*v = -2*v - 15. What are the prime factors of z?
2, 113
Let v = 60423 + -40365. What are the prime factors of v?
2, 3, 3343
Let b = -9815 - -16810. What are the prime factors of b?
5, 1399
Suppose -6*g + 3*d = -4*g - 8, 3*g + 5*d + 7 = 0. Suppose 35 = 12*y - g. Suppose 0*o = -y*o + 159. What are the prime factors of o?
53
Let b(z) = 4*z - 15. Let o be b(5). Let g(l) = 8*l + 10*l - 16 + l - o*l. List the prime factors of g(9).
2, 5, 11
Suppose 5*j = -2*j. Suppose 16*y - 6*y - 50 = j. Suppose -2*t = 3*t - y*f - 610, -2*t - 5*f = -237. What are the prime factors of t?
11
Suppose -7*j = -0*b - 5*b - 131321, 0 = 3*j + 5*b - 56309. What are the prime factors of j?
29, 647
Let q be (-6)/(-1*(-6)/(-2)). Suppose 6*a - a - 3093 = q*c, -4*c + 1242 = 2*a. List the prime factors of a.
619
Let q = 233193 - 163850. List the prime factors of q.
17, 4079
Suppose -96 = -3*r - 3*r. Suppose 15*t = r*t - 23. List the prime factors of (-1)/(-2)*(13 + -11)*t.
23
Let w(s) = -34 - 145 + 1732*s - 1739*s. What are the prime factors of w(-31)?
2, 19
Let d = 13671 - 6821. What are the prime factors of d?
2, 5, 137
Let k be 10 + (-2 - 2 - -2). Suppose 6*d - k = 4*d. Suppose 3*s - 52 = 2*b - 4*b, -d*s + 68 = 3*b. List the prime factors of s.
2, 5
Let p = -553 + 559. List the prime factors of p - (-17 + (-2)/(-2)).
2, 11
Suppose 0 = -288*t + 10091066 + 7082674 - 4220940. List the prime factors of t.
5, 7, 257
Let k = 7 - 0. Let p(s) = 2*s**2 - 14*s + 3. Let h be p(k). Suppose -7*z + 23 = -h*z + i, 4*i + 13 = -z. What are the prime factors of z?
7
Let z = -16636 + 26797. What are the prime factors of z?
3, 1129
Let r(q) = -4*q. Let x(d) = -d - 51. Let t(s) = -5*r(s) + x(s). What are the prime factors of t(35)?
2, 307
Suppose -d = -6*d. Suppose -15*k + 517 + 68 = d. List the prime factors of k.
3, 13
Let o(y) = -y**3 - 10*y**2 - 16*y - 6. Let a be o(-8). Let k(r) = -10*r + 2. Let l be k(a). List the prime factors of l/(-4)*(-4)/1.
2, 31
Let n(s) = 20*s**2 - 149*s + 392. What are the prime factors of n(-19)?
3, 59
Let v(o) = 1346*o**2 + 11*o - 13. Let l be v(1). Let m = -399 + l. What are the prime factors of m?
3, 5, 7
Suppose i + 6 = -j, -22 = -2*i + 4*i + 4*j. What are the prime factors of (i/(3/50))/(18/(-27))?
5
Suppose -5*a = r - 4*a + 129, -r = -3*a + 137. Let b = r - 109. What are the prime factors of b*(-3 + 51/18)*4?
2, 5
Suppose 10*q - 38351 - 7649 = 0. List the prime factors of q.
2, 5, 23
Suppose 29 = 6*h - h + q, 3*q - 27 = -3*h. Suppose -3*b - 2*r = -17, -2*b + h*b - 13 = 2*r. Suppose -b*x = -3*x - 146. What are the prime factors of x?
73
Let z(a) = a**3 - 26*a**2 + 66*a - 207. What are the prime factors of z(26)?
3, 503
Let m = 212 - 205. What are the prime factors of 1446/m + 5/70*-8?
2, 103
Suppose 4*a + 54*v - 49*v - 18343 = 0, -5*a + 22898 = -4*v. What are the prime factors of a?
2, 29, 79
Let d(i) = i**2 - 23*i + 768. List the prime factors of d(27).
2, 3, 73
Suppose y + 3*q = 5, -5*y + 3*y = -3*q - 1. Suppose 4*w - 2*w = 4*k - y, -w = -k - 1. List the prime factors of 2/k - -295 - (1 + 1).
2, 3, 7
Suppose 27*z - 557600 = -12*z + 194827. List the prime factors of z.
3, 59, 109
Suppose 11*z + 616 + 539 = 0. List the prime factors of z/6*((-9)/15 + -5).
2, 7
Let r be 200 - (3*1)/(18/12). Let w = r - 169. What are the prime factors of w?
29
Let w(b) = b**2 + 2*b - 19. Let f be w(-6). Suppose -1303 = 5*r - 5*i - 3548, f*i = 3*r - 1355. List the prime factors of r.
5, 89
Suppose -32 - 12 = -11*q. Suppose -13*k - q*k = -7429. What are the prime factors of k?
19, 23
Let r be 5/3 + (-483)/63. List the prime factors of 7 - (-569 + (r - -1)).
7, 83
Let i be (-51)/(6/9 - 1). Suppose -675 = -3*w - 4*s, -2*s + 828 = 3*w + i. What are the prime factors of w?
3, 5
Let x = 5 + -4. Let f(j) be the first derivative of 28*j**3 + j + 215. What are the prime factors of f(x)?
5, 17
Let b be 168/54 + (156/54 - 3). List the prime factors of 1 + b + (-19)/((-133)/5943).
853
List the prime factors of (260/(-3))/13*6432/(-10).
2, 67
Let y = -18575 - -51698. What are the prime factors of y?
3, 61, 181
Let g = 333 - 2023. Let x = 2448 + g. List the prime factors of x.
2, 379
Let c(x) = 83*x**3 + x**2 - 2*x - 5. Let z(a) = 2*a**3 - a. Let j(n) = 2*c(n) - 10*z(n). List the prime factors of j(2).
2, 19, 31
Let n = -38 - -15. Let a = n - -14. Let v(y) = y**3 + 12*y**2 + 20*y - 2. What are the prime factors of v(a)?
61
Let k be ((-715)/4)/((-100)/(-16) + -6). Let g = 1309 + k. What are 